 t(r) = -639*r + 5. Is t(-4) a prime number?
False
Let m(x) = 2*x**3 + 0*x + 3*x**3 - 2*x**3 - 1 + x - x**2. Let l be m(1). Suppose 0 = 2*q - l - 188. Is q a prime number?
False
Let w(r) be the second derivative of 5*r**4/6 + 3*r**3/2 - 4*r**2 + 3*r. Let m be w(7). Suppose 3*x = 5*f - m, -f - 2*x = -5*f + 436. Is f composite?
False
Let k be (-1)/(-1) + (-2 - 1). Let v be (1 + (2 - 1))/k. Is (5/10)/(v/(-44)) a composite number?
True
Let x = -3 - -7. Suppose 2 = 3*r - 1. Is (-451)/(-4) + r/x a composite number?
False
Let r be 2 + (-2 - -1*2). Let z(o) = -1 + 3*o**2 + 5*o - r*o**2 + 0. Is z(-9) prime?
False
Let b(w) = -w + 1. Let h be b(-4). Let f = 4 - h. Is f/(-3)*(291 + 0) a composite number?
False
Suppose 17*d - 7*d - 40 = 0. Let c(w) = 8*w**2 + 3*w + 3. Let y(n) = -4*n**2 - n - 2. Let j(p) = 3*c(p) + 5*y(p). Is j(d) composite?
False
Is ((-74)/(-6))/(2/6) composite?
False
Let w = 211 + -57. Suppose 0*q = -2*q + w. Is q a prime number?
False
Is 479 + -3 + 4/((-4)/3) a prime number?
False
Suppose -4*u = -2*v - 354 - 1566, 5*v + 10 = 0. Is u a composite number?
False
Suppose t + 5*j = 1696, 3*t - 6*t + 2*j + 5139 = 0. Is t prime?
False
Suppose -16*p + 4725 = 37. Is p a composite number?
False
Let t = 1093 - 206. Is t a prime number?
True
Suppose 0 = 4*m + 5*a - 13, 4*a + 1 = m + 3. Suppose -3*i - 4*g + 845 = 0, -578 = -m*i + 4*g - 3*g. Is i composite?
True
Suppose 5*g - 2*b = 16, g + 2*b - 5 = 3. Suppose n - 5*p - 18 - 17 = 0, -g*n + 83 = -p. Suppose n = -5*u, -w - w + 110 = 5*u. Is w prime?
False
Let p be (9/(-18))/((-1)/142). Suppose 3*f = 2*b + 140 + 123, -f + p = -4*b. Is f a composite number?
True
Let z(l) = l**3 + 6*l**2 + 3*l - 6. Let h be z(-5). Let u(k) = 4*k**3 + 3*k**2 - 3*k + 3. Is u(h) a composite number?
True
Let i(q) = 2*q - 8. Let u be i(5). Is 0 - -20 - u/2 prime?
True
Suppose 0 = -x + 5*y - 2*y + 98, x + 3*y = 80. Is x composite?
False
Let y(x) = -86*x**3 - 3*x**2 + x - 7. Let k be y(-4). Is (-8)/28 - k/(-21) a prime number?
False
Suppose 4*t - 11 + 43 = 0. Let b be 3/(-2)*t/3. Suppose b*j = 205 - 53. Is j prime?
False
Suppose 0*q - 3*q = 3*m - 12, -14 = -q + 4*m. Is q a composite number?
True
Let v be 3/(3/1)*-1. Let s = v - 1. Is -1 + (-3 - s) - -35 composite?
True
Let w(p) = -1. Let f(c) = 11*c - 12. Let h(t) = f(t) - 3*w(t). Let b be h(6). Suppose 2*a = 5*x + 15, -3*a - a + x + b = 0. Is a prime?
False
Let b = 10 + -7. Suppose -71 = -b*x + 67. Is x a prime number?
False
Let q(z) = -4*z + 2. Let o be q(-5). Is (3 - 7)/((-4)/o) composite?
True
Suppose -o = -5*h + o + 290, 4*o = 0. Is h composite?
True
Let b(i) = 5*i**2 + 2*i - 1. Let t be b(-2). Let q be ((-50)/t)/(2/36). Let c = -22 - q. Is c a prime number?
False
Suppose 2*y + 0 = -30. Let t be (-1)/(-5) - 57/y. Suppose 11 = t*l - 201. Is l composite?
False
Suppose -2*y = -p - 1496, 5*y - y = 4*p + 2988. Is y a composite number?
True
Let i(r) = 346*r**2. Let c be i(-1). Suppose -3*b - c = -4*x, -x - 253 = -4*x - b. Is x prime?
False
Let y = 297 - 185. Suppose 6*f - 4*s - y = 2*f, 5*s = f - 48. Is f prime?
True
Let p(v) = -v**3 - 8*v**2 - 8*v - 6. Let i be p(-7). Let x = -2 - i. Is ((-67)/x)/(-1)*-3 a prime number?
True
Let d(n) = 24*n - 7. Let g(f) = -25*f + 8. Let j(t) = -3*d(t) - 2*g(t). Is j(-5) a prime number?
False
Let p(n) be the second derivative of -n**5/20 - n**4/12 + 2*n**3/3 + n**2 - n. Let b be p(-3). Suppose 38 = 5*q + b. Is q a prime number?
False
Let d be 2/(-6) - 840/(-9). Let o = d + -62. Is o a prime number?
True
Suppose -5*b = -2*b - 42. Suppose 3*o - b = 1. Suppose -j = -o, -2*j + 3*j = f - 50. Is f a prime number?
False
Let g be 1108 - (4/(-2))/2. Suppose 3*m - 2*z - 1508 = -m, 4*z = -3*m + g. Is 2 + (m - 2 - 2) a composite number?
False
Let v = 2010 - 1175. Is v a composite number?
True
Let b = 6 + -6. Suppose b = 2*a - 5 + 27. Let q(f) = -14*f + 3. Is q(a) a prime number?
True
Suppose -4*o + 2*n = -938, n - 1601 = -5*o - 411. Is o prime?
False
Is (-7)/(-14)*(-890)/(-1) a prime number?
False
Let p be -7*(48/14)/4. Let z be (4/p)/((-3)/9). Suppose -4*j = -0*j + 16, -z*m + 38 = -2*j. Is m a composite number?
True
Let c(q) = q**3 + q**2 - q - 2. Let u be c(2). Let m be 2/8 + 6/u. Suppose 2*d + 2*d = z - m, -d - 36 = -3*z. Is z composite?
False
Let q = 269 + 312. Let k = q + -322. Is k prime?
False
Suppose -5*s + 81 = -114. Suppose -20 = -4*d, 5*a + d - s - 1 = 0. Is a a prime number?
True
Let z = -14 + 23. Suppose z*q - 16 = 5*q. Is q a prime number?
False
Let k = 1 + 6. Let g(t) = t**2 - 4*t - 3. Let b be g(k). Suppose 4*a - 78 = -b. Is a a composite number?
True
Let t = 161 + -48. Let c = t + -55. Is c composite?
True
Let l = 1128 - 449. Is l a prime number?
False
Let d(n) = n**3 - 7*n**2 - 5*n + 4. Let j be d(5). Let f = -34 - j. Is f a prime number?
True
Let b be 8/(-3)*(-12)/16. Suppose 5*f + 8 = b*a - a, 15 = a + 2*f. Is (2 + -4 + 3)*a prime?
True
Suppose -2*l + 2*h + 312 = h, 0 = 3*l - h - 469. Let k = l + 20. Is k a prime number?
False
Suppose -3*h + 2*s = -6*h + 47, s = 5*h - 100. Suppose -3*m + h = 5*i, 3*i + 2*i = 4*m - 2. Is m a composite number?
False
Let x = 10 + -8. Suppose -t = x*t - 30. Is t composite?
True
Let g be -1 + (2 + 0 - 1). Is (g - 1)*(-1 - 18) a composite number?
False
Suppose 5*x - 2885 = -4*f, 1137 = 2*x + f + 4*f. Is x a composite number?
True
Let s be (0 - -1) + -62 + -2. Let y = 183 + s. Let c = y + -67. Is c a composite number?
False
Suppose -2*g - 4*k + 166 = -5*g, 0 = -2*g + 3*k - 110. Let y be g/(-8) - (-5)/(-20). Suppose 459 - y = 4*c. Is c composite?
False
Let q be (-43)/1*3*-1. Suppose -4*x - 105 = 103. Let t = x + q. Is t composite?
True
Let a(v) = 3*v - 30. Let d be a(13). Let j(x) = 7*x**2 - 9*x + 1. Is j(d) a composite number?
False
Suppose 0 = 3*x + 52 - 685. Is x a composite number?
False
Suppose -3*r - 1 = -2*l, 5*l = -4*r - 0*r + 37. Suppose -4*c - 5*q - 137 = -341, -l*c + 4*q = -214. Is c a prime number?
False
Suppose -2 + 14 = -3*k. Let v(f) = -2*f. Let x(s) = -s. Let d(p) = k*v(p) + 3*x(p). Is d(3) a prime number?
False
Let k(i) = i - 5. Let z be k(7). Suppose z*v - 3*v = -187. Is v composite?
True
Suppose -2*t - 4 = -3*t. Is (-222)/(-1) - t/4 composite?
True
Let y = -820 + 1537. Is y a composite number?
True
Let d be (5/10)/((-1)/(-2112)). Suppose 0 = -4*o + d + 140. Is o a prime number?
False
Let f = 199 + -68. Is f a prime number?
True
Let f(i) = -252*i - 3. Let a be f(-4). Suppose -c - 314 + a = 0. Is c prime?
True
Suppose -v - 2*z - 221 = 0, v + 5*z = -2*v - 659. Let w = -86 - v. Is w composite?
False
Suppose -g + 3 = 0, -j + 3*j - 5*g = -53. Suppose n + 21 = -3*y - 0*y, 2*y + 25 = 3*n. Let i = y - j. Is i composite?
False
Suppose 4*o + 0*s = -5*s + 2, 10 = 2*o - 2*s. Suppose 350 = o*x - 127. Is x a composite number?
True
Let m(j) = j - 7. Let g be m(6). Is 1*g/2*-42 a prime number?
False
Suppose d = -4*z + 4820, -886 = -z - 4*d + 319. Is z composite?
True
Let x(o) = -15*o + 0 - 6 - 2*o + 5. Suppose -9 = 5*c + 1. Is x(c) composite?
True
Let o(j) = 3*j**2 - 13*j + 7. Is o(10) prime?
False
Is ((-251)/(-4))/(3/12) prime?
True
Suppose 3*o = 2*o. Suppose 0*x + 4*x - 596 = o. Is x prime?
True
Suppose -4*r + 8 = -12. Let g(z) = 12*z - 7. Is g(r) a prime number?
True
Let h = 354 + -215. Suppose 4*n - h = -15. Is n a prime number?
True
Suppose o + 1252 = 3*r + 2*o, 0 = -5*r - 2*o + 2085. Is r a composite number?
False
Let d = 7 - 4. Suppose -y - 34 = d*k, -5*k - 4*y = -3*y + 56. Let c = 46 + k. Is c prime?
False
Suppose -4*i + 4*b - 63 - 93 = 0, 4*b - 45 = i. Let o = i + 72. Is o composite?
True
Let o(q) = 2*q**2 + 2*q - 2. Is o(3) a prime number?
False
Let a(o) = -o**2 + 7*o - 6. Let j be a(6). Let z be 3/(j - 3/(-2)). Is ((-4)/(-6))/(z/39) a composite number?
False
Suppose -2*s - 3*u = -2843, 1429 = s + 7*u - 3*u. Is s prime?
False
Let k(g) = 29*g**2 - 7. Is k(3) composite?
True
Let y be (-15)/(-6) - (-2)/(-4). Suppose y*x = 3*x. Is (-1)/(2/(-62) - x) prime?
True
Suppose 2*a + 3*x = x - 938, 5*a + 4*x + 2341 = 0. Is a/(-6)*(-6)/(-3) prime?
False
Suppose -35 = 5*h - 5*f, -f - f + 2 = 0. Is (62/h)/(1/(-6)) prime?
False
Let p = 509 + 848. Is p composite?
True
Let x be (-14)/21*240/(-1). Let q = 245 - x. Is q a prime number?
False
Suppose -3*j = -5*i + 559, 5*j + 442 = i + 3*i. Is i a prime number?
True
Le